{"id":1304,"date":"2025-06-05T13:30:06","date_gmt":"2025-06-05T18:30:06","guid":{"rendered":"https:\/\/ideainnovadora.com\/?page_id=1304"},"modified":"2025-06-05T13:30:06","modified_gmt":"2025-06-05T18:30:06","slug":"descargo-de-responsabilidad","status":"publish","type":"page","link":"https:\/\/ideainnovadora.com\/chefdecuatropatas\/descargo-de-responsabilidad\/","title":{"rendered":"Descargo de Responsabilidad"},"content":{"rendered":"\n<p><strong>Descargo de Responsabilidad<\/strong><\/p>\n\n\n\n<p>El material en esta p\u00e1gina se proporciona para prop\u00f3sitos educativos e informativos solamente.<\/p>\n\n\n\n<p>Chefdecuatropatas.ideainnovadora.com y\/o&nbsp;ideainnovadora.com no tendr\u00e1 ninguna obligaci\u00f3n ni responsabilidad para cualquier persona o entidad con respecto a cualquier p\u00e9rdida, da\u00f1o o perjuicio, causado o presuntamente causado directa o indirectamente por la informaci\u00f3n contenida en este informe.<\/p>\n\n\n\n<p>Este sitio web, y cualquier p\u00e1gina en el sitio web, se basa libremente en una historia real, pero ha sido modificada en varias formas, incluyendo: la historia, los nombres, las fotos, y los comentarios. Por lo tanto, este blog, y cualquier p\u00e1gina en este sitio web, no deben ser tomadas literalmente o como una historia de no ficci\u00f3n.<\/p>\n\n\n\n<p><\/p>\n","protected":false},"excerpt":{"rendered":"<p>Descargo de Responsabilidad El material en esta p\u00e1gina se proporciona para prop\u00f3sitos educativos e informativos solamente. Chefdecuatropatas.ideainnovadora.com y\/o&nbsp;ideainnovadora.com no tendr\u00e1 ninguna obligaci\u00f3n ni responsabilidad para cualquier persona o entidad con respecto a cualquier p\u00e9rdida, da\u00f1o o perjuicio, causado o presuntamente causado directa o indirectamente por la informaci\u00f3n contenida en este informe. Este sitio web, y [&hellip;]<\/p>\n","protected":false},"author":2,"featured_media":0,"parent":0,"menu_order":0,"comment_status":"closed","ping_status":"closed","template":"","meta":{"footnotes":""},"class_list":["post-1304","page","type-page","status-publish","hentry"],"_links":{"self":[{"href":"https:\/\/ideainnovadora.com\/chefdecuatropatas\/wp-json\/wp\/v2\/pages\/1304","targetHints":{"allow":["GET"]}}],"collection":[{"href":"https:\/\/ideainnovadora.com\/chefdecuatropatas\/wp-json\/wp\/v2\/pages"}],"about":[{"href":"https:\/\/ideainnovadora.com\/chefdecuatropatas\/wp-json\/wp\/v2\/types\/page"}],"author":[{"embeddable":true,"href":"https:\/\/ideainnovadora.com\/chefdecuatropatas\/wp-json\/wp\/v2\/users\/2"}],"replies":[{"embeddable":true,"href":"https:\/\/ideainnovadora.com\/chefdecuatropatas\/wp-json\/wp\/v2\/comments?post=1304"}],"version-history":[{"count":1,"href":"https:\/\/ideainnovadora.com\/chefdecuatropatas\/wp-json\/wp\/v2\/pages\/1304\/revisions"}],"predecessor-version":[{"id":1305,"href":"https:\/\/ideainnovadora.com\/chefdecuatropatas\/wp-json\/wp\/v2\/pages\/1304\/revisions\/1305"}],"wp:attachment":[{"href":"https:\/\/ideainnovadora.com\/chefdecuatropatas\/wp-json\/wp\/v2\/media?parent=1304"}],"curies":[{"name":"wp","href":"https:\/\/api.w.org\/{rel}","templated":true}]}}